 - 5*b = 20. Suppose -h*a + 2*a - 333 = 0. Let x = a + 172. What are the prime factors of x?
61
Let u be ((-1)/1)/((-14)/(-1638)). Let w = u + 690. Suppose -4*k + j = -0*k - 753, -w = -3*k - 2*j. What are the prime factors of k?
3, 7
Let g(i) = 13*i**2 + 3. Let s be g(0). Suppose 6*k = s*k + 606. What are the prime factors of k?
2, 101
Suppose 0 = -302*v + 9460350 - 7243355 + 15308971. What are the prime factors of v?
131, 443
Let u = 61 + -26. Suppose -5*v + 8*v - u = -5*j, -5*v - 2*j = -33. Suppose -v*w - 474 = -5*i + 671, 0 = -2*i - 4*w + 458. What are the prime factors of i?
229
List the prime factors of 152/(-798) + (-2736618)/(-126).
37, 587
Let z(t) = 3*t**3 - 9*t**2 + 2*t + 33. Let c be z(7). Let j be (858/8)/(3/12). Let h = c - j. What are the prime factors of h?
2, 103
Suppose 0 = l + 8 - 13. Let u be 8/20 - (-13)/l. Suppose -u*f - s + 39 = 0, -s + 3*s + 34 = 2*f. List the prime factors of f.
2, 7
Suppose 0 = -5*o + 5*x - 51 + 11, 5*o = -3*x - 72. What are the prime factors of 1146/15*(-4 - 78/o)?
191
Let c be (-9*(-3)/9)/(1 - -2). Suppose -c = b, 3*p - 397 = -p + 5*b. What are the prime factors of p?
2, 7
Let m(p) = 283*p**3 + p. Let n be m(1). Let u = n - 88. What are the prime factors of u?
2, 7
Let d = 1716 + -936. Let w = 1161 - d. What are the prime factors of w?
3, 127
Suppose -45*x + 157*x = 3846640. What are the prime factors of x?
5, 6869
Suppose -59*o - 111384 = -128*o + 35*o. What are the prime factors of o?
2, 3, 7, 13
List the prime factors of (-3876)/(-32) + 3 + (10 - (-1053)/(-104)).
2, 31
Let v = -89855 + 144410. List the prime factors of v.
3, 5, 3637
Let u(d) = 2*d**3 + 2*d**2 + 984. Let h be u(0). Suppose -5*n = n - h. What are the prime factors of n?
2, 41
Suppose -36*q + 40*q = 3*i - 36301, i - 12097 = -2*q. What are the prime factors of i?
3, 37, 109
Let n = 460 + -176. Let l = n - -450. What are the prime factors of l?
2, 367
Let j(p) = 4*p**2 + 52*p + 2737. List the prime factors of j(-30).
17, 281
Suppose 0 = 25*x - 418 - 2332. Suppose x*q + 1178 = 112*q. What are the prime factors of q?
19, 31
Let m(b) = b + 3. Let r be m(15). Suppose -r*z + 9*z + 180 = 0. Suppose 2*s + s = 3*j + 570, 0 = -5*j - z. What are the prime factors of s?
2, 3, 31
Let x(g) = 189*g + 244. Let s(p) = -47*p - 61. Let h(r) = -9*s(r) - 2*x(r). List the prime factors of h(15).
2, 23
Suppose -5*s - 3*f + 24440 = 6430, 18010 = 5*s + f. What are the prime factors of s?
2, 1801
List the prime factors of (3011402/93)/((-2)/(-3)).
48571
Suppose 4*h - 3*h - 4 = 4*c, c + 2*h = -10. Let j be c/(7/((-84)/8)). What are the prime factors of j/(-15) + 84/(-30) + 85?
2, 41
Suppose 4*k = 4*j + 16, 3*k - k = -5*j + 36. Suppose -b - 642 = -5*f + 1849, -k = -2*b. List the prime factors of f.
499
Suppose 15*i = 25*i - 50. Suppose -21*g + i*g + 800 = 0. What are the prime factors of g?
2, 5
What are the prime factors of -15 + 46810 + -15 + (2 - 3)?
3, 31, 503
Suppose -2*y = -4*w - 865 + 169, 0 = -3*y - 5*w + 1033. Suppose -349*x + y*x + 4647 = 0. What are the prime factors of x?
1549
Let p(q) = -q**2 - 19*q + 91. Suppose 24*l - 8*l + 304 = 0. What are the prime factors of p(l)?
7, 13
Suppose 20*v = 21*v - 3. Suppose 0 = -4*m + 12, v*i - 8*i + 2*m = -1759. What are the prime factors of i?
353
Let y be (-2 + 2 - 272)*15/(-4). List the prime factors of (0 - -2)*1*y/5.
2, 3, 17
Suppose 5*p - 5987 = -d, 145*d + 4*p - 29893 = 140*d. List the prime factors of d.
43, 139
Let x(a) be the third derivative of -a**8/20160 + a**7/420 + a**5/10 - 14*a**2. Let q(u) be the third derivative of x(u). What are the prime factors of q(10)?
2, 5
Suppose 0*j = 5*j + 2*v - 14458, 4 = v. What are the prime factors of j?
2, 5, 17
Let w = 63248 - 42420. List the prime factors of w.
2, 41, 127
Let y be 3/7 - -16*32/14. Let t be y/(5/(25/5)). Suppose 3*j - t = 2*j. What are the prime factors of j?
37
Suppose 0 = 4*l + 8 + 16, j - 3*l = 58587. List the prime factors of j.
3, 7, 2789
Suppose 0 = -2*r + 9 - 3. Let q be 8 + (12/r - 4). Let n(j) = j**3 - 5*j**2 - 8*j - 6. What are the prime factors of n(q)?
2, 61
Suppose 111*t + 78*t = 1263087. What are the prime factors of t?
41, 163
Let v(i) be the third derivative of 7*i**5/60 - 7*i**4/24 + i**3/6 + 8*i**2. Let p be v(-4). Let m = -97 + p. What are the prime factors of m?
2, 11
Let x be 3/(-7) - (-105)/245. Suppose x = -19*s + 991 + 3968. What are the prime factors of s?
3, 29
Suppose 110001 - 1251349 = -47*h - 5*h. What are the prime factors of h?
47, 467
Let c(o) = -55*o**3 + 2*o**2 + 3*o + 2. Let i be c(-1). Let k = i + -56. Suppose -260 = -4*l - 5*v + 64, k = v - 4. List the prime factors of l.
2, 19
Let s = 30162 + 950. List the prime factors of s.
2, 3889
Let j(b) = 6*b**2 - b. Let w(f) = 3*f - 2. Let r be w(-6). Let m be r/(-9) + 2/(-9). What are the prime factors of j(m)?
2, 11
Suppose 13*c = 9 - 22. What are the prime factors of (0 - 10 - -9)*1229*c?
1229
Suppose -39*y + 12*y - 114502 = -921532. What are the prime factors of y?
2, 5, 7, 61
What are the prime factors of 146365/3 + (-341)/(-93)?
2, 3, 19, 107
Let n(p) = 3*p**3 - 12*p**2 - 4*p**3 - 8*p + 3*p**2 + 6. Suppose 0 = -j + 2*s - 4, -3*s - 14 = -5*j + 6*j. What are the prime factors of n(j)?
2, 3
Suppose -4*i + 222 = 5*m, 0 = 26*i - 30*i - 28. Let n = -5 + -117. Let z = m - n. List the prime factors of z.
2, 43
Suppose 3*k = 3*s + 33, 4*k - 2 = 6*k. List the prime factors of (-1422)/s*(-5)/((-45)/12).
2, 79
Let g be (4 + 56/(-35))/((-6)/(-20)). Suppose g + 17 = j. Suppose 1 - j = -2*t. What are the prime factors of t?
2, 3
Suppose 6*f - 8 = 10. Suppose 15*v - f*v - 288 = 0. List the prime factors of v.
2, 3
Let p(s) = 4*s - 2. Let a be p(2). Suppose -a*h + h - 25 = 0, h = -v - 5429. List the prime factors of (-2)/9 + v/(-108).
2, 5
Suppose 0 = 4*o, -3*o - 2*o = -2*m + 12. Suppose -l + m*k + 116 = 9*k, 5*k - 336 = -3*l. List the prime factors of l.
107
Suppose -4 - 2 = -2*z. Let t be (z/6)/(3/468). List the prime factors of (t/(-18))/(2/(-42)) + -1.
2, 3, 5
Let o(b) = -26*b**2 - 13*b + 13. Let q(a) = 13*a**2 + 7*a - 6. Let k(i) = -3*o(i) - 5*q(i). What are the prime factors of k(5)?
2, 3, 7
Let k = -13 - -21. Suppose 18 = -k*t + 10. What are the prime factors of t/(2/44)*-4?
2, 11
List the prime factors of ((-1894)/(-7))/(4/28).
2, 947
Let p be (20/6)/(10/1290). Let k = p + -220. Let g = k + -100. List the prime factors of g.
2, 5, 11
Let j(o) = 5*o**2 + 11*o + 65. Let a be (494/39)/(2/(-3)) - -4. What are the prime factors of j(a)?
5, 41
Suppose 0 = o + 19*b - 18*b - 772, -o + 4*b + 742 = 0. What are the prime factors of o?
2, 383
Suppose -213*f + 473*f = 220*f + 2836240. List the prime factors of f.
2, 11, 293
Let i(k) = -k**2 + 39*k - 6. List the prime factors of i(4).
2, 67
Let y be -1524*(-3)/(-3 + 9). Suppose 0 = -28*z - y + 5186. What are the prime factors of z?
2, 79
Let g(v) = -v**3 + 6*v**2 + 5*v + 16. Let b be g(7). Let o be -53 + 2 + 0/b. Let n = o + 167. What are the prime factors of n?
2, 29
Let j(v) = 991*v - 3218. What are the prime factors of j(9)?
5701
Suppose 5*c - 4*l = -3*l + 522, 0 = -4*c - 5*l + 406. Suppose 45*m + 176 = -3*n + 43*m, -3*n = m + 181. Let o = c + n. List the prime factors of o.
2, 3, 7
Let d = -9 - -11. Suppose -a + 80 = 3*j - 2*j, -d*j + 160 = -5*a. Suppose -4*b + 145 = 5*u, j = 3*u - 5*b + 30. List the prime factors of u.
5
Let r(i) = 151*i**3 - i**2 + 51*i - 115. List the prime factors of r(3).
2, 2053
Let f(v) = 11*v + 62. Let w be f(6). Let g = 137 - w. Suppose -g*s + 111 = -1662. List the prime factors of s.
197
Let p(w) = -2*w**3 - 14*w**2 + 11*w - 25. Let b be p(-11). Suppose 0 = -u - 5*n + b, 193 = u + 2*n - 644. List the prime factors of u.
7, 11
Let d = -134 - -136. Suppose b - 702 = -d*i, -b - 5*i + 164 = -532. What are the prime factors of b?
2, 353
Let r(h) = -2*h**3 - 3*h**2 + 13*h - 9. Suppose 16*d + 130 = -14. List the prime factors of r(d).
3, 11
Let i be 7 + 10/15*-6. Suppose -15 = -i*t, 0 = -3*k + 12*t - 10*t + 188. Let w = 198 - k. List the prime factors of w.
2, 3, 11
Suppose 2*z - 155 = -151. Suppose 55*l - 51*l - 1841 = -5*k, -z*k + 734 = 4*l. List the prime factors of k.
3, 41
Let w(z) be the third derivative of z**6/120 + 17*z**5/60 + 5*z**4/6 - 17*z**3/6 - 98*z**2. What are the prime factors of w(-12)?
46